 greatest common divisor of 19 and n?
19
Suppose 0 = -3*b + 6, 2*g + 3*b = -b + 208. What is the greatest common divisor of g and 25?
25
Suppose a + 1 = 0, 2*o - 1 - 2 = a. Calculate the highest common factor of o and 5.
1
Let j be 4 + (-1 - (-1 + 2)). Suppose 516 = j*k + f + 3*f, -3*k + 738 = -3*f. Suppose 0 = 7*p - 2*p - k. What is the highest common factor of p and 10?
10
Suppose 9 = 2*d - d. Let q be (0 - -2)*-1 - -1. Let x be 0/(-1) - q*99. What is the highest common divisor of x and d?
9
Let o(p) = p**2 - 4*p + 7. Let m be o(5). Let s = -35 - -59. What is the highest common factor of m and s?
12
Let l(w) = -2*w - 5. Let j(k) = 3*k + 5. Let m(r) = -3*j(r) - 2*l(r). Let z be m(-9). Calculate the highest common factor of z and 5.
5
Let l be (1 - 0) + (-3 - -79). Suppose -4*o + 42 = 2*o. What is the greatest common factor of o and l?
7
Let m = 4 + 7. Suppose -m = -2*q + 1. What is the highest common factor of q and 18?
6
Let m be (2/(-6))/((-2)/120). What is the highest common divisor of m and 2?
2
Let w = -12 + 26. Suppose -4*g - 2 = 14. Let o be 760/6 + g/6. Calculate the highest common factor of w and o.
14
Suppose -5*i = t + 16, -t - i + 12 = -3*i. Let u = -2 - -2. Suppose -f - k + 37 = u, -k = -0 - 1. Calculate the greatest common divisor of t and f.
4
Let o(b) = 6*b**2 - 7. Let i be o(7). Suppose -5 = -2*n + i. Suppose -w = -2*j - n, -w - 4*j + 210 - 70 = 0. Calculate the greatest common divisor of 18 and w.
18
Let o(v) = -12*v + 3. Let n be o(-6). Suppose -5*z + 165 = 5*s, -119 = -5*z + 2*s + 25. Calculate the highest common factor of z and n.
15
Let p be ((-40)/(-24))/((1/(-18))/(-1)). What is the greatest common divisor of 240 and p?
30
Let r(l) be the third derivative of -l**5/60 - l**4/3 - l**3 - l**2. Let v be r(-5). What is the highest common factor of v and 90?
9
Suppose -5*m - 6*m + 176 = 0. Calculate the greatest common factor of 24 and m.
8
Suppose u + u + 132 = 0. Let z = u + 206. What is the greatest common divisor of 20 and z?
20
Let m(b) = -b**2 - 12*b + 8. Let i be m(-9). Let t = -41 + 76. Suppose 5*a - 37 = -4*s, -4*a - 2*s + t = 3*s. Calculate the highest common divisor of a and i.
5
Let k = 131 - 75. What is the greatest common factor of k and 14?
14
Let g(p) = -2*p. Let a be g(-4). Let q be 1416/44 - (-6)/(-33). Suppose d = -5*h + q + 17, -4*h - 76 = -d. What is the greatest common factor of d and a?
8
Let u be (-41)/(-5) - 1/5. Suppose u = -2*p + 3*x + 21, 0 = 5*x - 15. Suppose -a + p = 1. Calculate the greatest common divisor of a and 90.
10
Let p(t) = -8*t**3 + t**2 - t - 5. Let i be p(-2). Calculate the highest common divisor of i and 39.
13
Let f be 1*(-2 - -3) - 5. Let o be 200/(-6)*6/f. Suppose -4*h - h + o = 0. Calculate the greatest common factor of 40 and h.
10
Let w(v) = 5*v**2 - 2*v**2 - 3 + v**3 - v**2 - 2*v. Let y be w(-2). What is the highest common divisor of 6 and y?
1
Let t be 3*7/((-63)/(-30)). Suppose t = 2*w + 30. Let p = w - -26. Calculate the highest common divisor of 24 and p.
8
Suppose 2 = 3*r + 4*q - 2*q, -4*q = 2*r + 4. Suppose y = -4*n + 89, -n + 4*y - 1 = -r. Calculate the highest common factor of 168 and n.
21
Let n be 8 + ((-3)/(-3))/(-1). Suppose 5*d - 50 = n*m - 2*m, -17 = -2*d + m. What is the greatest common factor of 7 and d?
7
Suppose 0 = -t + 3*t - 16. Let d = t - 11. Let r be (-22)/(-3)*d/(-2). What is the greatest common factor of r and 44?
11
Suppose 43*t - 6 = 42*t. Calculate the greatest common divisor of 6 and t.
6
Suppose 12*t = 11*t + 16. Calculate the highest common divisor of 128 and t.
16
Let o(w) = -3*w - 13. Let m be o(-7). Calculate the highest common factor of m and 20.
4
Suppose 0 = 4*a + 2*f + 14, -1 = -2*a - 4*f + 7. Let k(q) = -2*q - 10. Let n be k(a). Let o be (-1)/2 + 29/2. Calculate the greatest common factor of n and o.
2
Let d = 0 + 4. Suppose 110 = 2*s - 5*a - 30, 3*s + d*a - 233 = 0. Let r(h) = 16*h - 1. Let z be r(1). Calculate the greatest common factor of z and s.
15
Suppose 3*h - 176 = -4*p, 5*p = 6*p + 2*h - 49. Suppose 3*r - 61 = -0*r + 5*s, -5*s - 7 = -r. Let q = p - r. What is the highest common divisor of q and 28?
14
Suppose 3 = w - 1, 4*p - 84 = 4*w. What is the highest common divisor of 100 and p?
25
Let z(k) = 1 - 2*k - 2*k - 4. Let h be z(-3). Calculate the highest common factor of 1 and h.
1
Suppose 5*q - 75 = -0*q. What is the highest common divisor of q and 9?
3
Suppose -2*l - 2 = 2*u, 0*l = u - 3*l - 19. Suppose 24*r = 33*r - 396. What is the greatest common factor of u and r?
4
Suppose 0 = -5*t + 2*t + 117. Suppose 0 = -5*c + 65 - 0. What is the greatest common factor of t and c?
13
Let n(f) = f + 4. Let k be n(13). What is the greatest common factor of 153 and k?
17
Let a(f) = -f**3 + 2*f**2 - 2*f + 112. Let t be a(0). What is the greatest common divisor of t and 7?
7
Let m(w) = w**2 + 2. Let u be m(0). Suppose -u*j + 3 = -19. What is the greatest common factor of j and 88?
11
Let x(t) = 34*t + 1. Let z be x(6). Suppose 0 = 2*o - 5*m - z, 156 = 4*o + 5*m - 179. Calculate the highest common divisor of o and 10.
10
Suppose 0 = 2*g + 3*k + k - 212, 0 = 2*g + 2*k - 206. What is the greatest common factor of g and 10?
10
Let w be (4/(-10))/((-12)/360). Calculate the greatest common divisor of 396 and w.
12
Suppose 2*d = 35 - 3. Calculate the greatest common factor of d and 48.
16
Let v be 6/(-15) + (-46)/10. Let a(m) = m + 3. Let g be a(v). Let n be 0 + 2*(2 - g). What is the highest common factor of 56 and n?
8
Let k be (14/(-12))/(5/(-30)). Calculate the greatest common factor of 7 and k.
7
Let z be (-7)/2*(-78)/91. Calculate the greatest common factor of 1 and z.
1
Let s(p) = 2*p + 0*p + 0*p + 0*p. Let y be s(6). What is the highest common divisor of 18 and y?
6
Suppose o + 3*i = 2*i + 4, 0 = 5*o + 4*i - 21. Suppose 4 = -p + o*p. Calculate the highest common factor of p and 1.
1
Suppose 150 = -9*t + 12*t. Let g be 306/15 - 2/5. Calculate the greatest common factor of t and g.
10
Let o(r) be the third derivative of -r**4/8 - 13*r**3/3 - 5*r**2. Let q be o(-18). Calculate the greatest common factor of q and 4.
4
Suppose 4*i + f = 13, 7*i + 2*f - 14 = 3*i. Suppose y - 100 = -i*y - v, 0 = -4*v. Calculate the greatest common factor of 100 and y.
25
Let b(a) = a. Let v be b(0). Let y be 12 - 0 - (2 - v). What is the highest common factor of y and 5?
5
Let s be ((-6)/4)/((-9)/(-48)). Let k be 4/6*(-36)/s. Suppose k = -3*t + 9. What is the highest common factor of t and 14?
2
Let p = 25 - 11. Let u = p - -5. Let l = u + 9. Calculate the greatest common factor of l and 14.
14
Let i(l) = l**3 - 13*l**2 + l - 8. Let c be i(13). Suppose 2*x = -3*w + 7, -34 = -4*x + c*w - 9. Calculate the highest common divisor of x and 5.
5
Let x be (88/(-28))/((-3)/21). What is the greatest common divisor of 2 and x?
2
Let n = -203 + 431. Suppose 6 = 2*b, n = 2*d - 0*d - 4*b. Suppose 5*a - d = a. What is the greatest common factor of 10 and a?
10
Let i = 11 - 2. Suppose -2 = 4*t - 6. Calculate the greatest common divisor of i and t.
1
Suppose 4*u - 315 = u. Let w = 153 - u. Calculate the greatest common factor of 12 and w.
12
Let b(i) = i**3 - 7*i**2 + 7*i + 8. Let q be b(6). Let r(g) = g**2 + 7*g + 14. Let p be r(-7). What is the highest common divisor of p and q?
14
Let t = 4 - -77. Suppose g + 3*o - t = 0, -2*g - 2*o = 2*o - 168. Let k(h) = 10*h**2 - h + 1. Let m be k(1). What is the highest common divisor of m and g?
10
Let n(s) = -s**2 + 13*s - 8. Let x be n(8). Calculate the highest common divisor of 16 and x.
16
Let h(z) = z**2 + 11*z + 1. Suppose 4*r - r + 36 = 0. Let l be h(r). Calculate the highest common factor of l and 13.
13
Suppose 3*n + b = 68, 5*b - 23 = -4*n + 75. Let y(v) = -9*v - 3. Let d be y(-4). What is the highest common factor of d and n?
11
Suppose -2*u = 3*f + 2*u - 34, 4*f = -3*u + 43. Suppose -3*w + 26 = -f. Calculate the greatest common divisor of 8 and w.
4
Suppose 0*n + 5*n - z - 40 = 0, 0 = z - 5. Suppose -2*d + 67 = -d - 4*v, -5*v = -d + 68. What is the greatest common divisor of d and n?
9
Suppose 4*a + 51 + 0 = o, -o + 5*a = -55. Calculate the highest common divisor of o and 14.
7
Let q(k) = k + 8. Let i be q(-8). Let o(n) = i*n**3 - 4 - 2*n**3 + 0*n**3. Let f be o(-3). What is the highest common divisor of f and 10?
10
Let